q. Let z(c) = 3*c**2 - 5*c - 9. What is the units digit of z(q)?
1
Let u(d) = -d**2 + 16*d + 7. Let r be u(0). Suppose -6*o - 105 = -r*o. What is the hundreds digit of o?
1
Let t = -45714 + 74275. What is the hundreds digit of t?
5
Let x = 2 + -12. Let h = -6 - x. Suppose 185 = h*r + 2*p - 73, 253 = 4*r + 3*p. What is the tens digit of r?
6
Let h(j) be the second derivative of 2*j**3/3 + 25*j**2/2 - j. Let l(k) = -k**3 + 41*k**2 - 40*k + 20. Let q be l(40). What is the hundreds digit of h(q)?
1
Let b = -4543 + 8099. What is the tens digit of b?
5
Suppose -15794 = -2*r + 15874. What is the units digit of r/12 + 6/12?
0
Suppose -10*l + 15*l - 2*h + 119 = 0, 5*l + 3*h = -109. Let o = l - -28. What is the units digit of o?
5
Let g = -10 - -14. What is the units digit of 6*(g + 60/8)?
9
Let u = -8309 - -20076. What is the units digit of u?
7
What is the units digit of (-1)/1*16/2 - (-1236176)/16?
3
Let f be ((-2064)/(-20))/(4/(-120)). What is the hundreds digit of ((-4)/(-6))/(-1 + (-3112)/f)?
1
Suppose 9*w - 293139 = -7*w - 5*w. What is the thousands digit of w?
3
Suppose 4*k + 16 = 0, -31 = -4*t + 2*k + 1. Let y(u) = -1. Let r(g) = 21*g - 10. Let z(l) = t*y(l) - r(l). What is the hundreds digit of z(-6)?
1
Let l = 659 + -507. Suppose -l + 560 = y. What is the hundreds digit of y?
4
Let b(x) be the second derivative of x**3/6 - 13*x**2 + x. Let u be b(10). What is the units digit of (-4)/u + (-1 - (-383)/4)?
5
Let d be 3*4/(-3) + 76. Suppose -67 + 0 = -5*c - 2*x, 0 = 4*c - 3*x - d. What is the tens digit of (-78)/c*(9/3 - 8)?
2
Let y be (12210/25)/(16/(-15) - -1). What is the hundreds digit of (-1)/14*4 + y/(-63)?
1
Let v(n) = 51*n**3 - 5*n**2 - 18*n + 86. What is the tens digit of v(5)?
4
Let u(o) = 20*o**2 + 7*o + 2. Let q(c) = c**3 + 14*c**2 + 12*c - 8. Let a be q(-13). Let x be u(a). What is the units digit of 2 - 21/15 - x/(-5)?
8
Let h(n) = -n**2 - 2*n + 9. Let f = 4 + -7. Let y be h(f). Suppose -320 - 298 = -y*t. What is the units digit of t?
3
Let m(b) = -126*b + 825. What is the tens digit of m(-9)?
5
Let r(s) = 36*s**2 + 19*s + 2. Let v be r(-9). Suppose 2*d - v + 541 = 0. What is the units digit of d?
3
Let d(c) = -1917*c**3 + c**2 + 2*c. Let j be d(-1). Suppose 0*m - 4*m + j = 0. What is the units digit of m?
9
Suppose 5*g - 10 = 3*r + 2*r, -3*r = -4*g + 11. Suppose -x = r*l - 1921, -14*l + 12*l - 4*x + 1284 = 0. What is the units digit of l?
0
Let k = -351 - -399. What is the hundreds digit of 64/k*(-1965)/(-2)?
3
Suppose -4*y + 6438 = 3*z, 4*z + 5*y - 2894 = 5690. What is the units digit of z?
6
Suppose -55*q - 119008 + 318887 = -1000606. What is the ten thousands digit of q?
2
Suppose 15895 - 108735 = -2*b + 5*q, 4*q - 185568 = -4*b. What is the tens digit of b?
0
Let a = -133 - -136. Suppose -2*p = a*p + 3*f - 1881, 0 = 2*p - 3*f - 765. What is the tens digit of p?
7
Let f(r) = 2*r**3 + 16*r**2 + 90*r - 42. What is the hundreds digit of f(19)?
1
What is the units digit of 7*(-54)/(-63) + (-24890)/(-1)?
6
Suppose -47*o - 101*o = -15*o - 5662342. What is the hundreds digit of o?
5
Let o be 0 + (-3)/(-7) + 142568/(-994). Let x = 173 + o. What is the units digit of x?
0
Let i = -6503 - -21648. What is the ten thousands digit of i?
1
Suppose -76*n + 63*n - 3741 = -14297. What is the units digit of n?
2
Let r = 10 - 6. Let h be (216/(-90))/((-4)/5)*-20. What is the tens digit of r/10 + (-1536)/h?
2
Let z be 4/8*10 + 9. Suppose -z*r - 1176 = -17*r. What is the tens digit of r?
9
Suppose 95368 = -16*v + 463608. What is the units digit of v?
5
Suppose 0 = 9*v - 12*v + 1503. Suppose v = 2*n + 3*k, 3*n + 2*k = 6*k + 760. Suppose 9*i - 7*i = n. What is the hundreds digit of i?
1
Let h be (1040/50)/((-3)/(-465)). Suppose 4*d + 9*d - h = 0. What is the units digit of d?
8
Let r(a) = 432*a**3 - 2*a - 24. What is the hundreds digit of r(3)?
6
Let c = -282 - -201. Let d be 3 + (-3 - (c - 3/(-3))). Suppose -3*x = -5*j - d, -j = -4*x + 4*j + 105. What is the tens digit of x?
2
Let x(m) = -3*m**3 - m**2 + 9*m - 39. Let o be x(3). Suppose -3*t - 97 = 338. Let p = o - t. What is the units digit of p?
3
Let y = -188 + 191. Suppose w + y*x = 39, 7 = 2*x + 5. What is the units digit of w?
6
Let p(b) = b**3 + 2*b**2 + 3. Let m(d) = d**3 - 8*d**2 + 2*d - 16. Let v be m(8). Let o be p(v). Suppose -o*x + 15 = -48. What is the units digit of x?
1
What is the units digit of (16/10)/(1/4420*4)?
8
What is the thousands digit of (2052/(-14))/(490/5145*6/(-4))?
1
Suppose 0 = -k + 2963 + 5572 - 1371. What is the hundreds digit of k?
1
Let n(b) = -210*b - 9. Let t(d) = 631*d + 23. Let v(g) = -11*n(g) - 4*t(g). What is the hundreds digit of v(-3)?
6
Suppose f = -1 + 2. Let p(k) = 239*k. Let i be p(f). Suppose 81 = -2*l + i. What is the units digit of l?
9
What is the units digit of 943823/25 - -2 - (-1392)/17400?
5
Suppose 3*n + 19 = 4*h, -2*h = -3*n - 2 - 3. Suppose h*x = -19 + 271. Let z = x + -26. What is the tens digit of z?
1
Suppose 92*p = 137*p - 16065. What is the hundreds digit of p?
3
Suppose 0 = 4*h - 4*o - 44, 6*o - o = 0. Let b(g) = -46*g**3 - 7*g + 12*g**2 - 71*g**3 + 1 + 116*g**3. What is the tens digit of b(h)?
4
Suppose -1868 + 105723 = 5*l + 5*f, -4*l + 83088 = 5*f. What is the tens digit of l?
6
Let m be 12/30*79 + (-4)/(-10). Suppose 4*a = 4*c - m, 5*a = -8 - 7. Suppose 0*l - 250 = -5*l - i, -c*l + 2*i = -235. What is the tens digit of l?
4
Let c(g) = -6333*g - 14784. What is the ten thousands digit of c(-11)?
5
Let c = 15869 - -278. What is the ten thousands digit of c?
1
Suppose -4*v - 9 = -3*v. Let b be (-38)/6 + (-3)/v. What is the tens digit of (3/b)/(0 - 3/294)?
4
Let h = -1400 + 411. Let o = -289 - h. What is the tens digit of o?
0
Let m(r) = 265*r**2 + 21*r + 145. What is the thousands digit of m(-8)?
6
Let m(x) = 3345*x - 12. Let w be m(4). Suppose -7*p = 4121 - w. What is the thousands digit of p?
1
Suppose 4*m + 10484 = 4*v - 154408, 3*v = -2*m + 123664. What is the units digit of v?
2
Let k = 36 + -6. Let n be (90/4 + -2)/(5/k). Suppose 4*y - 721 = n. What is the tens digit of y?
1
Let v be 56/140*(-10)/2. What is the hundreds digit of (v/(-6))/(17868/3573 - 5)?
3
Let u = 3 - -6. Suppose 0 = -4*d + 570 + 70. Suppose d = -7*c + u*c. What is the tens digit of c?
8
Suppose 17*q - 38558 = 13*q + 5*u, q - 9652 = -5*u. What is the hundreds digit of q?
6
Let g be ((3 - 3) + -1)*1 - -8. Suppose -822 = -j + 2*r - g*r, -3*r + 4220 = 5*j. What is the units digit of j?
7
Let k be (-1 + 54/15)/(12/(-60)). What is the units digit of (-10458)/(k - -6) + (-4 - -6)?
6
Suppose 7*y = 27586 + 1587 - 452. What is the tens digit of y?
0
Let m = 23 - 20. Suppose 0 = 3*y + 5*y - 128. Suppose m*v = 50 + y. What is the tens digit of v?
2
Let g = 2753 - 1496. What is the units digit of g?
7
Suppose 0 = -4*g + g - 5*i + 22, -13 = -2*g - 5*i. Suppose 5*a = -20, -4*a + g*a + 2912 = 4*s. What is the hundreds digit of s?
7
Let l(h) = -615*h**3 + 5*h**2 + h - 10. What is the hundreds digit of l(-2)?
9
Let o(j) = -1568*j - 799. What is the thousands digit of o(-10)?
4
Let m = 24212 + -16292. What is the hundreds digit of m?
9
Suppose -38056 = -12703*l + 12695*l. What is the thousands digit of l?
4
Let a(o) = 3*o - 7. Suppose -12 = -7*v + 30. Let c be a(v). Suppose c = 3*r + 3*u - 118, -220 = -5*r - 4*u. What is the units digit of r?
8
Suppose -2*x + 47 - 16 = -d, 0 = x + 4*d - 29. Let h be 14*x/(-5) - 8/20. Let s = 13 - h. What is the units digit of s?
1
Let a(f) = 5*f. Let i be a(1). Let o = i - -17. Suppose -p - 3*h + o = 0, 2*h + 41 = 2*p + 7*h. What is the tens digit of p?
1
Let n = 7272 - -1212. What is the hundreds digit of n?
4
Let j be ((-2)/(-3))/2*1059. Let f = -143 + j. What is the tens digit of f?
1
Suppose -4*y + 5*l - 3 = 0, 0 = -4*y + l - 20 - 3. Let k(i) = -5*i**2 + 4*i**2 + 23*i - 37*i - 3*i - 24. What is the units digit of k(y)?
6
Let m be (-1*14)/(2/((-3)/(-3))). Let j = m + -75. What is the tens digit of j/(-8) - (-1)/(-4)?
1
Suppose 13*u = 1122 + 3883. What is the hundreds digit of u?
3
Let q(b) be the first derivative of -123*b**2 - 241*b - 252. What is the units digit of q(-6)?
5
Suppose z - 6 = -4*w - 2*z, 0 = 5*w + 4*z - 8. Suppose 6*f - 46 + 10 = w. Suppose 4*g - f*g - 5*y = -356, -5*g + 873 = 4*y. What is the tens digit of g?
7
Suppose 5*l